{"id":10087,"date":"2024-05-22T01:34:33","date_gmt":"2024-05-22T05:34:33","guid":{"rendered":"http:\/\/boxsolution.cl\/BOXSOLUTION\/?post_type=product&#038;p=10087"},"modified":"2025-11-19T08:53:10","modified_gmt":"2025-11-19T11:53:10","slug":"parrilla-encimera-a-gas-900mm-moffat-cobra-cb9-b","status":"publish","type":"product","link":"https:\/\/boxsolution.cl\/BOXSOLUTION\/producto\/parrilla-encimera-a-gas-900mm-moffat-cobra-cb9-b\/","title":{"rendered":"Parrilla encimera a Gas GL-GN de 900mm &#8211; Cobra CB9-B"},"content":{"rendered":"<p><strong>Especificaciones t\u00e9cnicas:<\/strong><br \/>\nParrilla encimera a Gas 900mm CB9-B disponible en gas natural (GNC) y gas licuado (GLP). Especificar al realizar la compra.<br \/>\n<span style=\"vertical-align: inherit;\">\u2022 3 x consumo 33 MJ\/h | Potencia 9 kW, con forma de U.<br \/>\n\u2022 Potencia bruta de gas 27 kW. | Consumo 99 MJ\/h.<br \/>\n\u2022 \u00c1rea de cocina: 800 mm x 540 mm con 4320 cm2.<br \/>\n\u2022 Conexi\u00f3n de gas R 1\/2 (BSP) macho a 215 mm desde el lado izquierdo (LI), 32 mm desde la parte trasera y 60 mm desde la base.<br \/>\n\u2022 Dimensiones: Ancho 900 mm, largo 800 mm, altura 415 mm. 585 mm incluyendo protecci\u00f3n contra salpicaduras. Peso neto 103 kg.<br \/>\n\u2022 Datos de embalaje: Ancho 1010 mm, largo 955 mm, altura 750 mm. Peso neto 138.5 kg y 0,72 m3.<\/span><br \/>\n\u2022 Incluye Flexible de Gas<\/p>\n<p>&nbsp;<\/p>\n<p><strong>Construcci\u00f3n:<\/strong><br \/>\n\u2022 6 rejillas removibles de 135 mm de ancho y 550 mm de largo de hierro fundido.<br \/>\n\u2022 Quemadores de hierro fundido y deflectores de calor de aluminio.<br \/>\n\u2022 Frentes, laterales y protecci\u00f3n contra salpicaduras en acero inoxidable.<br \/>\n\u2022 Panel de control vitrificado.<br \/>\n\u2022 Bandeja recolectora de grasas en acero inoxidable.<br \/>\n\u2022 Pies ajustables de 63 mm de di\u00e1metro en acero inoxidable.<\/p>\n<p>&nbsp;<\/p>\n","protected":false},"excerpt":{"rendered":"<p><strong>Lo que debes saber de este producto:<\/strong><\/p>\n<p>Equipo de f\u00e1cil limpieza y seguro para la preparaci\u00f3n de alimentos gracias a su construcci\u00f3n en acero inoxidable y parrillas de hierro fundido.<\/p>\n<p>\u2022 3 quemadores de aluminio con 9 kW de potencia.<br \/>\n\u2022 Bandeja recolectora de grasa en acero inoxidable.<br \/>\n\u2022 Rejilla superior reversible. Parrilla removible.<br \/>\n\u2022 Inclinaci\u00f3n de parrilla para escurrimiento de grasa y disminuci\u00f3n de llamarada.<br \/>\n\u2022 Encendido por ignici\u00f3n piezoel\u00e9ctrica de llama piloto con seguridad anti-flama.<br \/>\n\u2022 Patas ajustables en altura en un rango de + o &#8211; 25mm.<br \/>\n\u2022 1 a\u00f1o de garant\u00eda<\/p>\n[sp_easyaccordion id=\"12131\"]\n","protected":false},"featured_media":10740,"template":"","meta":{"_acf_changed":false,"_seopress_robots_primary_cat":"none","_seopress_titles_title":"","_seopress_titles_desc":"","_seopress_robots_index":""},"product_brand":[],"product_cat":[713],"product_tag":[],"class_list":{"0":"post-10087","1":"product","2":"type-product","3":"status-publish","4":"has-post-thumbnail","6":"product_cat-gastronomia","7":"pa_marca-moffat-cobra","8":"pa_tipo-de-energia-gas","10":"first","11":"instock","12":"taxable","13":"shipping-taxable","14":"purchasable","15":"product-type-simple"},"acf":[],"_links":{"self":[{"href":"https:\/\/boxsolution.cl\/BOXSOLUTION\/wp-json\/wp\/v2\/product\/10087","targetHints":{"allow":["GET"]}}],"collection":[{"href":"https:\/\/boxsolution.cl\/BOXSOLUTION\/wp-json\/wp\/v2\/product"}],"about":[{"href":"https:\/\/boxsolution.cl\/BOXSOLUTION\/wp-json\/wp\/v2\/types\/product"}],"wp:featuredmedia":[{"embeddable":true,"href":"https:\/\/boxsolution.cl\/BOXSOLUTION\/wp-json\/wp\/v2\/media\/10740"}],"wp:attachment":[{"href":"https:\/\/boxsolution.cl\/BOXSOLUTION\/wp-json\/wp\/v2\/media?parent=10087"}],"wp:term":[{"taxonomy":"product_brand","embeddable":true,"href":"https:\/\/boxsolution.cl\/BOXSOLUTION\/wp-json\/wp\/v2\/product_brand?post=10087"},{"taxonomy":"product_cat","embeddable":true,"href":"https:\/\/boxsolution.cl\/BOXSOLUTION\/wp-json\/wp\/v2\/product_cat?post=10087"},{"taxonomy":"product_tag","embeddable":true,"href":"https:\/\/boxsolution.cl\/BOXSOLUTION\/wp-json\/wp\/v2\/product_tag?post=10087"}],"curies":[{"name":"wp","href":"https:\/\/api.w.org\/{rel}","templated":true}]}}