{"id":10750,"date":"2024-05-23T18:02:31","date_gmt":"2024-05-23T22:02:31","guid":{"rendered":"http:\/\/boxsolution.cl\/BOXSOLUTION\/?post_type=product&#038;p=10750"},"modified":"2025-11-19T08:53:11","modified_gmt":"2025-11-19T11:53:11","slug":"parrilla-encimera-a-gas-gl-gn-de-600mm-cobra-cb6-b","status":"publish","type":"product","link":"https:\/\/boxsolution.cl\/BOXSOLUTION\/producto\/parrilla-encimera-a-gas-gl-gn-de-600mm-cobra-cb6-b\/","title":{"rendered":"Parrilla encimera a Gas GL-GN de 600mm &#8211; Cobra CB6-B"},"content":{"rendered":"<p><strong>Especificaciones t\u00e9cnicas:<\/strong><br \/>\nParrilla encimera a Gas GL-GN de 600mm &#8211; Cobra CB6-B disponible en gas natural (GNC) y gas licuado (GLP). Especificar al realizar la compra.<br \/>\n<span style=\"vertical-align: inherit;\">\u2022 2 Quemadores abiertos con capacidad 33 MJ\/hr | Potencia 9 kW. con forma de U.<br \/>\n\u2022 \u00c1rea de cocina: 540 mm x 500 mm con 2700 cm2.<br \/>\n\u2022 Conexi\u00f3n de gas R 1\/2 (BSP) macho a 215 mm desde el lado izquierdo (LI), 32 mm desde la parte trasera y 60 mm desde la base.<br \/>\n\u2022 Dimensiones: Ancho 600 mm, fondo 800 mm, altura 415 mm. 585 mm incluyendo protecci\u00f3n contra salpicaduras. Peso neto 71.5 kg.<br \/>\n\u2022 Datos de embalaje: Ancho 710 mm, fondo 955 mm, altura 750 mm. Peso neto 99 kg y 0,51 m3.\u00a0 \u00a0 \u00a0 \u00a0 \u2022 Flexible de Gas Incluido.<\/span><br \/>\n\u2022 Incluye Flexible de Gas<br \/>\n&nbsp;<\/p>\n<p><strong>Construcci\u00f3n:<\/strong><br \/>\n\u2022 4 Rejillas removibles de 135 mm de ancho y 550 mm de largo de hierro fundido.<br \/>\n\u2022 Quemadores de hierro fundido y deflectores de calor de aluminio.<br \/>\n\u2022 Frentes, laterales y protecci\u00f3n contra salpicaduras en acero inoxidable.<br \/>\n\u2022 Panel de control vitrificado.<br \/>\n\u2022 Bandeja recolectora de grasas en acero inoxidable.<br \/>\n\u2022 Pies ajustables de 63 mm de di\u00e1metro en acero inoxidable.<\/p>\n<p>&nbsp;<\/p>\n","protected":false},"excerpt":{"rendered":"<p><strong>Lo que debes saber de este producto:<\/strong><\/p>\n<p>Parrilla a gas de dise\u00f1o inteligente, pensada para ser un equipo de f\u00e1cil manejo. Gracias a su tipolog\u00eda QuickChef Pro ganar\u00e1s una mayor producci\u00f3n en menos tiempo, con una r\u00e1pida limpieza, f\u00e1cil mantenimiento y alta confiabilidad. Ya sea utilizada en posici\u00f3n plana o inclinada, es ideal para obtener un acabado de gran sabor y atractivo visual.<\/p>\n<p>\u2022 Tipo: QuickChef Pro<br \/>\n\u2022 2 quemadores de aluminio con 9 kW de potencia.<br \/>\n\u2022 Bandeja recolectora de grasa en acero inoxidable.<br \/>\n\u2022 Rejilla superior reversible. Parrilla removible.<br \/>\n\u2022 Inclinaci\u00f3n de parrilla para escurrimiento de grasa y disminuci\u00f3n de llamarada.<br \/>\n\u2022 Encendido por ignici\u00f3n piezoel\u00e9ctrica de llama piloto con seguridad anti-flama.<br \/>\n\u2022 Patas ajustables en altura en un rango de + o &#8211; 25mm resistentes ruedas posteriores.<br \/>\n\u2022 1 a\u00f1o de garant\u00eda<\/p>\n[sp_easyaccordion id=\"12131\"]\n<p>&nbsp;<\/p>\n","protected":false},"featured_media":10751,"template":"","meta":{"_acf_changed":false,"_seopress_robots_primary_cat":"none","_seopress_titles_title":"","_seopress_titles_desc":"","_seopress_robots_index":""},"product_brand":[],"product_cat":[713],"product_tag":[],"class_list":{"0":"post-10750","1":"product","2":"type-product","3":"status-publish","4":"has-post-thumbnail","6":"product_cat-gastronomia","7":"pa_marca-moffat-cobra","8":"pa_tipo-de-energia-gas","10":"first","11":"instock","12":"taxable","13":"shipping-taxable","14":"purchasable","15":"product-type-simple"},"acf":[],"_links":{"self":[{"href":"https:\/\/boxsolution.cl\/BOXSOLUTION\/wp-json\/wp\/v2\/product\/10750","targetHints":{"allow":["GET"]}}],"collection":[{"href":"https:\/\/boxsolution.cl\/BOXSOLUTION\/wp-json\/wp\/v2\/product"}],"about":[{"href":"https:\/\/boxsolution.cl\/BOXSOLUTION\/wp-json\/wp\/v2\/types\/product"}],"wp:featuredmedia":[{"embeddable":true,"href":"https:\/\/boxsolution.cl\/BOXSOLUTION\/wp-json\/wp\/v2\/media\/10751"}],"wp:attachment":[{"href":"https:\/\/boxsolution.cl\/BOXSOLUTION\/wp-json\/wp\/v2\/media?parent=10750"}],"wp:term":[{"taxonomy":"product_brand","embeddable":true,"href":"https:\/\/boxsolution.cl\/BOXSOLUTION\/wp-json\/wp\/v2\/product_brand?post=10750"},{"taxonomy":"product_cat","embeddable":true,"href":"https:\/\/boxsolution.cl\/BOXSOLUTION\/wp-json\/wp\/v2\/product_cat?post=10750"},{"taxonomy":"product_tag","embeddable":true,"href":"https:\/\/boxsolution.cl\/BOXSOLUTION\/wp-json\/wp\/v2\/product_tag?post=10750"}],"curies":[{"name":"wp","href":"https:\/\/api.w.org\/{rel}","templated":true}]}}