{"id":10857,"date":"2024-05-30T16:56:53","date_gmt":"2024-05-30T20:56:53","guid":{"rendered":"https:\/\/boxsolution.cl\/BOXSOLUTION\/?post_type=product&#038;p=10857"},"modified":"2026-03-04T10:39:20","modified_gmt":"2026-03-04T13:39:20","slug":"termo-electrico-winter-160-litros-mural-220v-3000w","status":"publish","type":"product","link":"https:\/\/boxsolution.cl\/BOXSOLUTION\/producto\/termo-electrico-winter-160-litros-mural-220v-3000w\/","title":{"rendered":"Termo El\u00e9ctrico Winter 160 Litros Mural 220V 3000W"},"content":{"rendered":"<p>Termo El\u00e9ctrico Winter 160 Litros Mural 220V 3000W<\/p>\n<ul>\n<li>Elementos calefactores marca Thermowatt, peque\u00f1os y eficientes, lo que disminuye las incrustaciones y prolonga la vida \u00fatil del equipo.<\/li>\n<li>Conexiones diel\u00e9ctricas todos los termos Winter que ev\u00edtan la electr\u00f3lisis en forma efectiva.<\/li>\n<li>Producto 100% certificado por las entidades responsables.<\/li>\n<li>Protector T\u00e9rmico incorporado en el termostato de control, que previene anomal\u00edas protegiendo las l\u00edneas de suministro y el equipo.<\/li>\n<li>Termos de alta eficiencia y elegante dise\u00f1o con pintura electroest\u00e1tica blanca curada al horno, que protege mejor de la corrosi\u00f3n del medio ambiente y es m\u00e1s resistente.<\/li>\n<li>V\u00e1lvula de seguridad en todos los termos Winter 9 bar calibradas de origen y probadas 4 veces durante su producci\u00f3n.<\/li>\n<li>Calientan el agua a 60\u00baC.<\/li>\n<li>Aislamiento t\u00e9rmico en poliuretano inyectado de alta densidad y 25 mm de espesor, que minimiza las p\u00e9rdidas de calor.<\/li>\n<li>Potencia 3000\u202fW<\/li>\n<li>Medidas: 66 \u00d7 66 \u00d7 119 cm | Peso 72 Kilos<\/li>\n<li>Fabricaci\u00f3n Nacional<\/li>\n<\/ul>\n","protected":false},"excerpt":{"rendered":"<p><strong>Lo que debes saber de este producto:<\/strong><\/p>\n<p><span style=\"vertical-align: inherit\">\u2022 <\/span>Termo el\u00e9ctrico de fabricaci\u00f3n chilena, tratamiento del acumulador mediante galvanizado en caliente, lo cual asegura una larga vida \u00fatil sin necesidad de \u00e1nodos de sacrificio.<br \/>\n<span style=\"vertical-align: inherit\">\u2022 <\/span>Dise\u00f1o simple y a prueba de fallas, funcionamiento autom\u00e1tico y seguro sin mayores manutenciones.<br \/>\n<span style=\"vertical-align: inherit\">\u2022 <\/span>Resistencia el\u00e9ctrica y termostatos marca Thermowatt Italia.<br \/>\n<span style=\"vertical-align: inherit\">\u2022 <\/span>Presi\u00f3n m\u00e1xima 9 bar.<br \/>\n<span style=\"vertical-align: inherit\">\u2022 <\/span>Peso 72 kg<br \/>\n<span style=\"vertical-align: inherit\">\u2022 <\/span>Garant\u00eda 1 a\u00f1o<\/p>\n[sp_easyaccordion id=\"9752\"]\n<p>___________________________________________<\/p>\n<p><span style=\"color: #0000ff\"><strong>DESPACHO EN 24HRS Y GRATIS SOLO EN SANTIAGO<\/strong><\/span><\/p>\n","protected":false},"featured_media":14572,"template":"","meta":{"_acf_changed":false,"_seopress_robots_primary_cat":"none","_seopress_titles_title":"","_seopress_titles_desc":"","_seopress_robots_index":""},"product_brand":[],"product_cat":[397,372,390,373],"product_tag":[],"class_list":{"0":"post-10857","1":"product","2":"type-product","3":"status-publish","4":"has-post-thumbnail","6":"product_cat-agua-caliente","7":"product_cat-equipos-y-repuestos-para-agua-caliente","8":"product_cat-termo-monofasico","9":"product_cat-termos-electricos","10":"pa_capacidad-400-lt","11":"pa_marca-winter","12":"pa_tipo-de-equipo-piso","14":"first","15":"onbackorder","16":"taxable","17":"shipping-taxable","18":"purchasable","19":"product-type-simple"},"acf":[],"_links":{"self":[{"href":"https:\/\/boxsolution.cl\/BOXSOLUTION\/wp-json\/wp\/v2\/product\/10857","targetHints":{"allow":["GET"]}}],"collection":[{"href":"https:\/\/boxsolution.cl\/BOXSOLUTION\/wp-json\/wp\/v2\/product"}],"about":[{"href":"https:\/\/boxsolution.cl\/BOXSOLUTION\/wp-json\/wp\/v2\/types\/product"}],"wp:featuredmedia":[{"embeddable":true,"href":"https:\/\/boxsolution.cl\/BOXSOLUTION\/wp-json\/wp\/v2\/media\/14572"}],"wp:attachment":[{"href":"https:\/\/boxsolution.cl\/BOXSOLUTION\/wp-json\/wp\/v2\/media?parent=10857"}],"wp:term":[{"taxonomy":"product_brand","embeddable":true,"href":"https:\/\/boxsolution.cl\/BOXSOLUTION\/wp-json\/wp\/v2\/product_brand?post=10857"},{"taxonomy":"product_cat","embeddable":true,"href":"https:\/\/boxsolution.cl\/BOXSOLUTION\/wp-json\/wp\/v2\/product_cat?post=10857"},{"taxonomy":"product_tag","embeddable":true,"href":"https:\/\/boxsolution.cl\/BOXSOLUTION\/wp-json\/wp\/v2\/product_tag?post=10857"}],"curies":[{"name":"wp","href":"https:\/\/api.w.org\/{rel}","templated":true}]}}