{"id":15052,"date":"2025-08-13T10:52:15","date_gmt":"2025-08-13T14:52:15","guid":{"rendered":"https:\/\/boxsolution.cl\/BOXSOLUTION\/?post_type=product&#038;p=15052"},"modified":"2026-03-06T08:40:36","modified_gmt":"2026-03-06T11:40:36","slug":"termo-electrico-galvanizado-200-litros-220v-30-kw-pie","status":"publish","type":"product","link":"https:\/\/boxsolution.cl\/BOXSOLUTION\/producto\/termo-electrico-galvanizado-200-litros-220v-30-kw-pie\/","title":{"rendered":"Termo El\u00e9ctrico Winter Galvanizado 200 litros 220v 3,0 Kw Pie"},"content":{"rendered":"<p>TERMOSTATO INCLU\u00cdDO<\/p>\n<p>\u2022 Elementos calefactores marca Thermowatt, peque\u00f1os y eficientes, lo que<br \/>\ndisminuye las incrustaciones y prolonga la vida \u00fatil del equipo<br \/>\n\u2022 Conexiones diel\u00e9ctricas que ev\u00edtan la electr\u00f3lisis en forma efectiva.<\/p>\n<p>AISLACI\u00d3N DE POLIURETANO<\/p>\n<p>\u2022 Producto 100% certificado por las entidades responsables.<br \/>\n\u2022 Protector T\u00e9rmico incorporado en el termostato de control, que previene<br \/>\nanomal\u00edas protegiendo las l\u00edneas de suministro y el equipo.<br \/>\n\u2022 Termos de alta eficiencia y elegante dise\u00f1o con pintura electroest\u00e1tica blanca<br \/>\ncurada al horno, que protege mejor de la corrosi\u00f3n del medio ambiente<br \/>\ny es m\u00e1s resistente.<\/p>\n<p>ELEGANTE PRESENTACI\u00d3N<\/p>\n<p>\u2022 V\u00e1lvula de seguridad en todos los termos Winter 9 bar calibradas de origen<br \/>\ny probadas 4 veces durante su producci\u00f3n.<br \/>\n\u2022 Calientan el agua a 60\u00baC.<br \/>\n\u2022 Aislamiento t\u00e9rmico en poliuretano inyectado de alta densidad y 25 mm<br \/>\nde espesor, que minimiza las p\u00e9rdidas de calor<\/p>\n","protected":false},"excerpt":{"rendered":"<p>Termo el\u00e9ctrico de fabricaci\u00f3n chilena, tratamiento del acumulador mediante galvanizado en caliente lo cual asegura una larga vida \u00fatil sin necesidad de \u00e1nodos de sacrificio. Dise\u00f1o simple y a prueba de fallas, funcionamiento autom\u00e1tico y seguro sin mayores manutenciones. Resistencia el\u00e9ctrica y termostatos marca Thermowatt Italia. Presi\u00f3n m\u00e1xima 9 bar.<\/p>\n","protected":false},"featured_media":8327,"template":"","meta":{"_acf_changed":false,"_seopress_robots_primary_cat":"none","_seopress_titles_title":"","_seopress_titles_desc":"","_seopress_robots_index":""},"product_brand":[],"product_cat":[397,390,373],"product_tag":[],"class_list":{"0":"post-15052","1":"product","2":"type-product","3":"status-publish","4":"has-post-thumbnail","6":"product_cat-agua-caliente","7":"product_cat-termo-monofasico","8":"product_cat-termos-electricos","10":"first","11":"outofstock","12":"taxable","13":"shipping-taxable","14":"purchasable","15":"product-type-simple"},"acf":[],"_links":{"self":[{"href":"https:\/\/boxsolution.cl\/BOXSOLUTION\/wp-json\/wp\/v2\/product\/15052","targetHints":{"allow":["GET"]}}],"collection":[{"href":"https:\/\/boxsolution.cl\/BOXSOLUTION\/wp-json\/wp\/v2\/product"}],"about":[{"href":"https:\/\/boxsolution.cl\/BOXSOLUTION\/wp-json\/wp\/v2\/types\/product"}],"wp:featuredmedia":[{"embeddable":true,"href":"https:\/\/boxsolution.cl\/BOXSOLUTION\/wp-json\/wp\/v2\/media\/8327"}],"wp:attachment":[{"href":"https:\/\/boxsolution.cl\/BOXSOLUTION\/wp-json\/wp\/v2\/media?parent=15052"}],"wp:term":[{"taxonomy":"product_brand","embeddable":true,"href":"https:\/\/boxsolution.cl\/BOXSOLUTION\/wp-json\/wp\/v2\/product_brand?post=15052"},{"taxonomy":"product_cat","embeddable":true,"href":"https:\/\/boxsolution.cl\/BOXSOLUTION\/wp-json\/wp\/v2\/product_cat?post=15052"},{"taxonomy":"product_tag","embeddable":true,"href":"https:\/\/boxsolution.cl\/BOXSOLUTION\/wp-json\/wp\/v2\/product_tag?post=15052"}],"curies":[{"name":"wp","href":"https:\/\/api.w.org\/{rel}","templated":true}]}}