{"id":15552,"date":"2025-11-21T08:36:38","date_gmt":"2025-11-21T11:36:38","guid":{"rendered":"https:\/\/boxsolution.cl\/BOXSOLUTION\/?post_type=product&#038;p=15552"},"modified":"2026-01-07T12:01:35","modified_gmt":"2026-01-07T15:01:35","slug":"colchon-lumbar-1-plaza","status":"publish","type":"product","link":"https:\/\/boxsolution.cl\/BOXSOLUTION\/producto\/colchon-lumbar-1-plaza\/","title":{"rendered":"Colch\u00f3n Lumbar &#8211; 1 Plaza"},"content":{"rendered":"<p><strong>Calidad premium:<\/strong><br \/>\nColch\u00f3n firme que cuida tu espalda y te acompa\u00f1ar\u00e1 por a\u00f1os. Dise\u00f1ado para uso reversible.<\/p>\n<p><strong>Soporte firme con resortes Bonnell:<\/strong><br \/>\nEstructura compuesta por una parrilla de resortes, reforzada con estabilizadores de alta densidad y un marco perimetral de espuma, lo que mejora la durabilidad y evita deformaciones con el uso.<\/p>\n<p><strong>Refuerzo lumbar especializado Zone Rest:<\/strong><br \/>\nMayor soporte para tu espalda, ayudando a mantener una postura saludable durante la noche.<\/p>\n<p><strong>Acolchado c\u00f3modo y resistente:<\/strong><br \/>\nCubierta en tela jacquard importada, suave y duradera, con tecnolog\u00eda multipunto y l\u00e1minas de poliuretano de alta densidad con nanopart\u00edculas de cobre, que aportan confort y mayor higiene.<\/p>\n<p><strong>Faja lateral reforzada:<\/strong><br \/>\nLaterales acolchados con tela de alta resistencia que mejora la estabilidad y mantiene su forma.<\/p>\n<p><strong>Producto fabricado en Chile por Mantahue.<\/strong><\/p>\n","protected":false},"excerpt":{"rendered":"<p data-start=\"143\" data-end=\"190\"><strong>Lo que debes saber de este producto:<\/strong><\/p>\n<p class=\"\" data-start=\"143\" data-end=\"190\">\u2022 <strong>1 plaza:<\/strong> Ancho 90cm | Largo 190cm | Alto 22cm<br \/>\n\u2022 Colch\u00f3n <strong>con\u00a0resortes<\/strong>.<br \/>\n\u2022 <strong>Nivel de firmeza:<\/strong> Alta. Duerme sin hendiduras.<br \/>\n\u2022 <strong>Refuerzo lumbar Zone Rest:<\/strong> Ayuda a mantener una buena postura al dormir.<br \/>\n\u2022 <strong>Reversible<\/strong>, acolchado superior <strong>Ultra suave con tela jacquard.<\/strong><br \/>\n\u2022 Nanopart\u00edculas de cobre para cuidarte de bacterias, \u00e1caros y virus.<br \/>\n\u2022 Calidad Premium.<\/p>\n[sp_easyaccordion id=\"15649\"]\n","protected":false},"featured_media":15555,"template":"","meta":{"_acf_changed":false,"_seopress_robots_primary_cat":"none","_seopress_titles_title":"","_seopress_titles_desc":"","_seopress_robots_index":""},"product_brand":[759],"product_cat":[752],"product_tag":[],"class_list":{"0":"post-15552","1":"product","2":"type-product","3":"status-publish","4":"has-post-thumbnail","6":"product_brand-mantahue","7":"product_cat-hoteleria","9":"first","10":"instock","11":"taxable","12":"shipping-taxable","13":"purchasable","14":"product-type-simple"},"acf":[],"_links":{"self":[{"href":"https:\/\/boxsolution.cl\/BOXSOLUTION\/wp-json\/wp\/v2\/product\/15552","targetHints":{"allow":["GET"]}}],"collection":[{"href":"https:\/\/boxsolution.cl\/BOXSOLUTION\/wp-json\/wp\/v2\/product"}],"about":[{"href":"https:\/\/boxsolution.cl\/BOXSOLUTION\/wp-json\/wp\/v2\/types\/product"}],"wp:featuredmedia":[{"embeddable":true,"href":"https:\/\/boxsolution.cl\/BOXSOLUTION\/wp-json\/wp\/v2\/media\/15555"}],"wp:attachment":[{"href":"https:\/\/boxsolution.cl\/BOXSOLUTION\/wp-json\/wp\/v2\/media?parent=15552"}],"wp:term":[{"taxonomy":"product_brand","embeddable":true,"href":"https:\/\/boxsolution.cl\/BOXSOLUTION\/wp-json\/wp\/v2\/product_brand?post=15552"},{"taxonomy":"product_cat","embeddable":true,"href":"https:\/\/boxsolution.cl\/BOXSOLUTION\/wp-json\/wp\/v2\/product_cat?post=15552"},{"taxonomy":"product_tag","embeddable":true,"href":"https:\/\/boxsolution.cl\/BOXSOLUTION\/wp-json\/wp\/v2\/product_tag?post=15552"}],"curies":[{"name":"wp","href":"https:\/\/api.w.org\/{rel}","templated":true}]}}