{"id":15658,"date":"2025-11-27T10:44:45","date_gmt":"2025-11-27T13:44:45","guid":{"rendered":"https:\/\/boxsolution.cl\/BOXSOLUTION\/?post_type=product&#038;p=15658"},"modified":"2026-01-08T08:25:15","modified_gmt":"2026-01-08T11:25:15","slug":"camarote-desmontable-llaima-1-plaza","status":"publish","type":"product","link":"https:\/\/boxsolution.cl\/BOXSOLUTION\/producto\/camarote-desmontable-llaima-1-plaza\/","title":{"rendered":"Camarote Desmontable Llaima &#8211; 1 plaza"},"content":{"rendered":"<p><strong>Perfecto para uso intensivo:<\/strong><br \/>\nPensado para alojamientos, campamentos, caba\u00f1as, hostales y residencias. Permite aprovechar el espacio al m\u00e1ximo sin perder comodidad, seguridad ni estilo.<\/p>\n<p><strong>Estructura resistente en madera nativa:<\/strong><br \/>\nS\u00f3lida y duradera, dise\u00f1ada para uso intensivo en entornos de alta rotaci\u00f3n.<\/p>\n<p><strong>Sistema modular \/ desmontable:<\/strong><br \/>\nPuede transformarse f\u00e1cilmente en dos camas individuales, ofreciendo una soluci\u00f3n flexible seg\u00fan la necesidad de cada espacio.<\/p>\n<p><strong>Escala y baranda reforzadas:<\/strong><br \/>\nMayor estabilidad y seguridad para el descanso en el nivel superior.<\/p>\n<p><strong>Producto fabricado en Chile por Mantahue.<\/strong><\/p>\n","protected":false},"excerpt":{"rendered":"<p data-start=\"143\" data-end=\"190\"><strong>Lo que debes saber de este producto:<\/strong><\/p>\n<p class=\"\" data-start=\"143\" data-end=\"190\">\u2022 <strong>1 plaza:<\/strong> Ancho 99cm | Largo 200cm | Alto 185cm<br \/>\n\u2022 <strong>Estructura de madera nativa<\/strong> reforzada.<br \/>\n\u2022 Escaleras y barandas reforzadas.<br \/>\n\u2022 Resiste <strong>hasta 100 kg. por nivel.<br \/>\n<\/strong>\u2022 <strong>Dise\u00f1o modular: <\/strong>Se convierte en 2 camas<strong><br \/>\n<\/strong>\u2022 Gran Resistencia, f\u00e1cil armado.<br \/>\n\u2022 Dise\u00f1o robusto y durable, <strong>para uso intensivo<\/strong>.<\/p>\n<p data-start=\"143\" data-end=\"190\">[sp_easyaccordion id=\"15649\"]<\/p>\n","protected":false},"featured_media":15678,"template":"","meta":{"_acf_changed":false,"_seopress_robots_primary_cat":"none","_seopress_titles_title":"","_seopress_titles_desc":"","_seopress_robots_index":""},"product_brand":[759],"product_cat":[752],"product_tag":[],"class_list":{"0":"post-15658","1":"product","2":"type-product","3":"status-publish","4":"has-post-thumbnail","6":"product_brand-mantahue","7":"product_cat-hoteleria","9":"first","10":"instock","11":"taxable","12":"shipping-taxable","13":"purchasable","14":"product-type-simple"},"acf":[],"_links":{"self":[{"href":"https:\/\/boxsolution.cl\/BOXSOLUTION\/wp-json\/wp\/v2\/product\/15658","targetHints":{"allow":["GET"]}}],"collection":[{"href":"https:\/\/boxsolution.cl\/BOXSOLUTION\/wp-json\/wp\/v2\/product"}],"about":[{"href":"https:\/\/boxsolution.cl\/BOXSOLUTION\/wp-json\/wp\/v2\/types\/product"}],"wp:featuredmedia":[{"embeddable":true,"href":"https:\/\/boxsolution.cl\/BOXSOLUTION\/wp-json\/wp\/v2\/media\/15678"}],"wp:attachment":[{"href":"https:\/\/boxsolution.cl\/BOXSOLUTION\/wp-json\/wp\/v2\/media?parent=15658"}],"wp:term":[{"taxonomy":"product_brand","embeddable":true,"href":"https:\/\/boxsolution.cl\/BOXSOLUTION\/wp-json\/wp\/v2\/product_brand?post=15658"},{"taxonomy":"product_cat","embeddable":true,"href":"https:\/\/boxsolution.cl\/BOXSOLUTION\/wp-json\/wp\/v2\/product_cat?post=15658"},{"taxonomy":"product_tag","embeddable":true,"href":"https:\/\/boxsolution.cl\/BOXSOLUTION\/wp-json\/wp\/v2\/product_tag?post=15658"}],"curies":[{"name":"wp","href":"https:\/\/api.w.org\/{rel}","templated":true}]}}