{"id":6144,"date":"2023-01-31T14:49:01","date_gmt":"2023-01-31T17:49:01","guid":{"rendered":"http:\/\/boxsolution.cl\/BOXSOLUTION\/?post_type=product&#038;p=6144"},"modified":"2026-04-08T11:21:27","modified_gmt":"2026-04-08T15:21:27","slug":"termo-electrico-120l-mural-bosch","status":"publish","type":"product","link":"https:\/\/boxsolution.cl\/BOXSOLUTION\/producto\/termo-electrico-120l-mural-bosch\/","title":{"rendered":"Termo El\u00e9ctrico Bosch Tronic 2000T 120 Litros Mural 220V 2000W"},"content":{"rendered":"<p>Disponible en 30, 50, 80, 100 y 120 Lts.<\/p>\n<p><span style=\"vertical-align: inherit;\">\u2022 <\/span>Instalaci\u00f3n Vertical<br \/>\n<span style=\"vertical-align: inherit;\">\u2022 <\/span>Resistencias envainadas.<br \/>\n<span style=\"vertical-align: inherit;\">\u2022 <\/span>Ajuste de temperatura hasta 70\u00b0C.<br \/>\n<span style=\"vertical-align: inherit;\">\u2022 <\/span>Dep\u00f3sito de acero vitrificado.<br \/>\n<span style=\"vertical-align: inherit;\">\u2022 <\/span>Gran capacidad de aislamiento.<br \/>\n<span style=\"vertical-align: inherit;\">\u2022 <\/span>Poliuretano sin CFC.<br \/>\n<span style=\"vertical-align: inherit;\">\u2022 <\/span>Accesorios de montaje incluidos.<br \/>\n<span style=\"vertical-align: inherit;\">\u2022 <\/span>Control de temperatura grado a grado.<br \/>\n<span style=\"vertical-align: inherit;\">\u2022 <\/span>Disen\u0303o ma\u0301s moderno.<br \/>\n<span style=\"vertical-align: inherit;\">\u2022 <\/span>Fa\u0301cil de instalar gracias a su plantilla de instalacio\u0301n.<br \/>\n<span style=\"vertical-align: inherit;\">\u2022 <\/span>Proteccio\u0301n por a\u0301nodo de magnesio.<br \/>\n<span style=\"vertical-align: inherit;\">\u2022 <\/span>Presi\u00f3n m\u00e1xima de agua: 8 bar<br \/>\n<span style=\"vertical-align: inherit;\">\u2022 <\/span>Alto: 1146 mm | Di\u00e1metro mm 445<\/p>\n","protected":false},"excerpt":{"rendered":"<p><strong>Lo que debes saber de este producto:<\/strong><\/p>\n<p><span style=\"vertical-align: inherit;\">\u2022 Termo El\u00e9ctrico Mural de 120 Lts 220V 2000W<br \/>\n\u2022 Modelo TriPlus con triples beneficios que se traducen en mayor rendimiento, durabilidad y ecolog\u00eda.<\/span><br \/>\n<span style=\"vertical-align: inherit;\">\u2022 <\/span>Accesorios de montaje incluidos.<br \/>\n<span style=\"vertical-align: inherit;\">\u2022 <\/span>Control de temperatura con perillas de una manera f\u00e1cil<br \/>\n<span style=\"vertical-align: inherit;\">\u2022 <\/span>Disponible en 30, 50, 80, 100 y 120 Lts<br \/>\n<span style=\"vertical-align: inherit;\">\u2022 <\/span>F\u00e1cil instalaci\u00f3n. Incluye plantilla de montaje en el embalaje y \u00c1nodo de magnesio.<br \/>\n<span style=\"vertical-align: inherit;\">\u2022 <\/span>Instalaci\u00f3n Solo Vertical<br \/>\n<span style=\"vertical-align: inherit;\">\u2022 <\/span>Conexi\u00f3n de Agua 1\/2&#8243;<br \/>\n<span style=\"vertical-align: inherit;\">\u2022 <\/span>Aislaci\u00f3n t\u00e9rmica de poliuretano libre de CFC<br \/>\n<span style=\"vertical-align: inherit;\">\u2022 <\/span>Alto 114,6 cm | Di\u00e1metro 44,5 cm | Peso sin Agua 27,4 Kg<br \/>\n<span style=\"vertical-align: inherit;\">\u2022 <\/span>Garant\u00eda 2 A\u00f1os<\/p>\n[sp_easyaccordion id=\"12131\"]\n","protected":false},"featured_media":10862,"template":"","meta":{"_acf_changed":false,"_seopress_robots_primary_cat":"","_seopress_titles_title":"","_seopress_titles_desc":"","_seopress_robots_index":""},"product_brand":[],"product_cat":[397,707,372,390,373],"product_tag":[],"class_list":{"0":"post-6144","1":"product","2":"type-product","3":"status-publish","4":"has-post-thumbnail","6":"product_cat-agua-caliente","7":"product_cat-cyber","8":"product_cat-equipos-y-repuestos-para-agua-caliente","9":"product_cat-termo-monofasico","10":"product_cat-termos-electricos","11":"pa_capacidad-120l","12":"pa_marca-splendid","13":"pa_tipo-de-equipo-mural","15":"first","16":"instock","17":"taxable","18":"shipping-taxable","19":"purchasable","20":"product-type-simple"},"acf":[],"_links":{"self":[{"href":"https:\/\/boxsolution.cl\/BOXSOLUTION\/wp-json\/wp\/v2\/product\/6144","targetHints":{"allow":["GET"]}}],"collection":[{"href":"https:\/\/boxsolution.cl\/BOXSOLUTION\/wp-json\/wp\/v2\/product"}],"about":[{"href":"https:\/\/boxsolution.cl\/BOXSOLUTION\/wp-json\/wp\/v2\/types\/product"}],"wp:featuredmedia":[{"embeddable":true,"href":"https:\/\/boxsolution.cl\/BOXSOLUTION\/wp-json\/wp\/v2\/media\/10862"}],"wp:attachment":[{"href":"https:\/\/boxsolution.cl\/BOXSOLUTION\/wp-json\/wp\/v2\/media?parent=6144"}],"wp:term":[{"taxonomy":"product_brand","embeddable":true,"href":"https:\/\/boxsolution.cl\/BOXSOLUTION\/wp-json\/wp\/v2\/product_brand?post=6144"},{"taxonomy":"product_cat","embeddable":true,"href":"https:\/\/boxsolution.cl\/BOXSOLUTION\/wp-json\/wp\/v2\/product_cat?post=6144"},{"taxonomy":"product_tag","embeddable":true,"href":"https:\/\/boxsolution.cl\/BOXSOLUTION\/wp-json\/wp\/v2\/product_tag?post=6144"}],"curies":[{"name":"wp","href":"https:\/\/api.w.org\/{rel}","templated":true}]}}