{"id":7520,"date":"2023-03-16T12:23:43","date_gmt":"2023-03-16T15:23:43","guid":{"rendered":"https:\/\/boxsolution.cl\/BOXSOLUTION\/?post_type=product&#038;p=7520"},"modified":"2026-05-04T15:42:24","modified_gmt":"2026-05-04T19:42:24","slug":"termo-electrico-rheem-piso-57-lts-220v-2000w","status":"publish","type":"product","link":"https:\/\/boxsolution.cl\/BOXSOLUTION\/producto\/termo-electrico-rheem-piso-57-lts-220v-2000w\/","title":{"rendered":"Termo El\u00e9ctrico Rheem 57 Litros Pie 220V 1700W"},"content":{"rendered":"<ul>\n<li>Estanque esmaltado de Porcelana Bi-Capa.<\/li>\n<li>Aislaci\u00f3n de poliuretano expandido de alta densidad.<\/li>\n<li>\u00c1nodo de Magnesio que protege al 100% el tanque interior.<\/li>\n<li>Resistencias el\u00e9ctricas de Incoloy de alta durabilidad y de f\u00e1cil reposici\u00f3n.<\/li>\n<li>Potencia 1700 W<\/li>\n<li>Tiempo de recuperaci\u00f3n de 15\u00b0C a 75\u00b0C= 2,1 Hrs<\/li>\n<li>Altura con conexiones 63 cm | Di\u00e1metro 55 cm | Peso sin agua 26 kg<\/li>\n<li>Presi\u00f3n m\u00e1xima de operaci\u00f3n: 10 bar<\/li>\n<li>Di\u00e1metro de conexi\u00f3n de agua 3\/4&#8243;<\/li>\n<li>Sistema de auto limpieza patentado Everkleen.<\/li>\n<li>V\u00e1lvula de drenado que facilita su mantenci\u00f3n.<\/li>\n<li>V\u00e1lvula de seguridad sobre presi\u00f3n.<\/li>\n<li>Termostato de seguridad.<\/li>\n<li>Termos de 57, 76, 114 y 152L incluyen tomacorriente y enchufe<\/li>\n<li>Marca Americana<\/li>\n<li>Garantizado por 3 a\u00f1os<\/li>\n<li>Modelo piso, conexiones por lado superior de equipo<\/li>\n<\/ul>\n","protected":false},"excerpt":{"rendered":"<p><strong>Lo que debes saber de este producto:<\/strong><\/p>\n<p><span style=\"vertical-align: inherit;\">\u2022 <\/span>Termo El\u00e9ctrico Piso de 57 Lts 220V 1700W<br \/>\n<span style=\"vertical-align: inherit;\">\u2022 <\/span>Disponible en 57, 76, 114, 152L<br \/>\n<span style=\"vertical-align: inherit;\">\u2022 <\/span>Conexi\u00f3n de Agua 3\/4&#8243;<br \/>\n<span style=\"vertical-align: inherit;\">\u2022 <\/span>Alto 63 Cm | Di\u00e1metro 55 Cm | Peso sin Agua 26 Kg<br \/>\n<span style=\"vertical-align: inherit;\">\u2022 <\/span>Rheem Marca Americana<br \/>\n<span style=\"vertical-align: inherit;\">\u2022 <\/span>Garant\u00eda 3 a\u00f1os<\/p>\n[sp_easyaccordion id=\"12131\"]\n","protected":false},"featured_media":8284,"template":"","meta":{"_acf_changed":false,"_seopress_robots_primary_cat":"none","_seopress_titles_title":"","_seopress_titles_desc":"","_seopress_robots_index":""},"product_brand":[],"product_cat":[390,373],"product_tag":[],"class_list":{"0":"post-7520","1":"product","2":"type-product","3":"status-publish","4":"has-post-thumbnail","6":"product_cat-termo-monofasico","7":"product_cat-termos-electricos","8":"pa_capacidad-57-lts","9":"pa_marca-rheem","10":"pa_tipo-de-equipo-piso","12":"first","13":"instock","14":"taxable","15":"shipping-taxable","16":"purchasable","17":"product-type-simple"},"acf":[],"_links":{"self":[{"href":"https:\/\/boxsolution.cl\/BOXSOLUTION\/wp-json\/wp\/v2\/product\/7520","targetHints":{"allow":["GET"]}}],"collection":[{"href":"https:\/\/boxsolution.cl\/BOXSOLUTION\/wp-json\/wp\/v2\/product"}],"about":[{"href":"https:\/\/boxsolution.cl\/BOXSOLUTION\/wp-json\/wp\/v2\/types\/product"}],"wp:featuredmedia":[{"embeddable":true,"href":"https:\/\/boxsolution.cl\/BOXSOLUTION\/wp-json\/wp\/v2\/media\/8284"}],"wp:attachment":[{"href":"https:\/\/boxsolution.cl\/BOXSOLUTION\/wp-json\/wp\/v2\/media?parent=7520"}],"wp:term":[{"taxonomy":"product_brand","embeddable":true,"href":"https:\/\/boxsolution.cl\/BOXSOLUTION\/wp-json\/wp\/v2\/product_brand?post=7520"},{"taxonomy":"product_cat","embeddable":true,"href":"https:\/\/boxsolution.cl\/BOXSOLUTION\/wp-json\/wp\/v2\/product_cat?post=7520"},{"taxonomy":"product_tag","embeddable":true,"href":"https:\/\/boxsolution.cl\/BOXSOLUTION\/wp-json\/wp\/v2\/product_tag?post=7520"}],"curies":[{"name":"wp","href":"https:\/\/api.w.org\/{rel}","templated":true}]}}