{"id":789,"date":"2021-01-15T01:01:14","date_gmt":"2021-01-15T04:01:14","guid":{"rendered":"https:\/\/boxsolution.cl\/BOXSOLUTION\/producto\/import-placeholder-for-359\/"},"modified":"2026-04-09T15:51:20","modified_gmt":"2026-04-09T19:51:20","slug":"grampa-con-tarugo-20mm-pp-koalition","status":"publish","type":"product","link":"https:\/\/boxsolution.cl\/BOXSOLUTION\/producto\/grampa-con-tarugo-20mm-pp-koalition\/","title":{"rendered":"V\u00e1lvula de Sobrepresi\u00f3n Termo Rheem 680001473"},"content":{"rendered":"<p>V\u00e1lvula de Sobrepresi\u00f3n Termos Rheem 189 &#8211; 246 &#8211; 303 &#8211; 454 Lts 220V y 380V<\/p>\n<p>Repuesto Original<\/p>\n","protected":false},"excerpt":{"rendered":"<p>V\u00e1lvula de Sobrepresi\u00f3n Termos Rheem 189 &#8211; 246 &#8211; 303 &#8211; 454 Lts 220V y 380V Repuesto Original<\/p>\n","protected":false},"featured_media":1124,"template":"","meta":{"_acf_changed":false,"_seopress_robots_primary_cat":"none","_seopress_titles_title":"","_seopress_titles_desc":"","_seopress_robots_index":""},"product_brand":[],"product_cat":[397,754,465,461],"product_tag":[],"class_list":{"0":"post-789","1":"product","2":"type-product","3":"status-publish","4":"has-post-thumbnail","6":"product_cat-agua-caliente","7":"product_cat-repuestos","8":"product_cat-repuestos-termos","9":"product_cat-repuestos-y-accesorios-agua-caliente","11":"first","12":"instock","13":"taxable","14":"shipping-taxable","15":"purchasable","16":"product-type-simple"},"acf":[],"_links":{"self":[{"href":"https:\/\/boxsolution.cl\/BOXSOLUTION\/wp-json\/wp\/v2\/product\/789","targetHints":{"allow":["GET"]}}],"collection":[{"href":"https:\/\/boxsolution.cl\/BOXSOLUTION\/wp-json\/wp\/v2\/product"}],"about":[{"href":"https:\/\/boxsolution.cl\/BOXSOLUTION\/wp-json\/wp\/v2\/types\/product"}],"wp:featuredmedia":[{"embeddable":true,"href":"https:\/\/boxsolution.cl\/BOXSOLUTION\/wp-json\/wp\/v2\/media\/1124"}],"wp:attachment":[{"href":"https:\/\/boxsolution.cl\/BOXSOLUTION\/wp-json\/wp\/v2\/media?parent=789"}],"wp:term":[{"taxonomy":"product_brand","embeddable":true,"href":"https:\/\/boxsolution.cl\/BOXSOLUTION\/wp-json\/wp\/v2\/product_brand?post=789"},{"taxonomy":"product_cat","embeddable":true,"href":"https:\/\/boxsolution.cl\/BOXSOLUTION\/wp-json\/wp\/v2\/product_cat?post=789"},{"taxonomy":"product_tag","embeddable":true,"href":"https:\/\/boxsolution.cl\/BOXSOLUTION\/wp-json\/wp\/v2\/product_tag?post=789"}],"curies":[{"name":"wp","href":"https:\/\/api.w.org\/{rel}","templated":true}]}}